{"id":1803,"date":"2020-07-22T20:45:53","date_gmt":"2020-07-22T20:45:53","guid":{"rendered":"http:\/\/gesicap.com\/ebook\/?page_id=1803"},"modified":"2021-08-20T21:37:49","modified_gmt":"2021-08-20T21:37:49","slug":"requisitos-2","status":"publish","type":"page","link":"https:\/\/gesicap.com\/ebook\/requisitos-2\/","title":{"rendered":"Requisitos"},"content":{"rendered":"\t\t<div data-elementor-type=\"wp-page\" data-elementor-id=\"1803\" class=\"elementor elementor-1803\">\n\t\t\t\t\t\t<div class=\"elementor-inner\">\n\t\t\t\t<div class=\"elementor-section-wrap\">\n\t\t\t\t\t\t\t\t\t<section class=\"elementor-section elementor-top-section elementor-element elementor-element-9212284 elementor-section-boxed elementor-section-height-default elementor-section-height-default\" data-id=\"9212284\" data-element_type=\"section\">\n\t\t\t\t\t\t<div class=\"elementor-container elementor-column-gap-default\">\n\t\t\t\t\t\t\t<div class=\"elementor-row\">\n\t\t\t\t\t<div class=\"elementor-column elementor-col-100 elementor-top-column elementor-element elementor-element-40b6ce9\" data-id=\"40b6ce9\" data-element_type=\"column\">\n\t\t\t<div class=\"elementor-column-wrap elementor-element-populated\">\n\t\t\t\t\t\t\t<div class=\"elementor-widget-wrap\">\n\t\t\t\t\t\t<div class=\"elementor-element elementor-element-bc324bf elementor-widget elementor-widget-heading\" data-id=\"bc324bf\" data-element_type=\"widget\" data-widget_type=\"heading.default\">\n\t\t\t\t<div class=\"elementor-widget-container\">\n\t\t\t<h4 class=\"elementor-heading-title elementor-size-default\">Para poder maquetar tu manuscrito en un libro y publicarlo en nuestra tienda debes tener en cuenta estos requisitos y contactarte con nosotros<\/h4>\t\t<\/div>\n\t\t\t\t<\/div>\n\t\t\t\t\t\t<\/div>\n\t\t\t\t\t<\/div>\n\t\t<\/div>\n\t\t\t\t\t\t\t\t<\/div>\n\t\t\t\t\t<\/div>\n\t\t<\/section>\n\t\t\t\t<section class=\"elementor-section elementor-top-section elementor-element elementor-element-204a35a2 elementor-section-boxed elementor-section-height-default elementor-section-height-default\" data-id=\"204a35a2\" data-element_type=\"section\">\n\t\t\t\t\t\t<div class=\"elementor-container elementor-column-gap-default\">\n\t\t\t\t\t\t\t<div class=\"elementor-row\">\n\t\t\t\t\t<div class=\"elementor-column elementor-col-50 elementor-top-column elementor-element elementor-element-59937a49\" data-id=\"59937a49\" data-element_type=\"column\">\n\t\t\t<div class=\"elementor-column-wrap elementor-element-populated\">\n\t\t\t\t\t\t\t<div class=\"elementor-widget-wrap\">\n\t\t\t\t\t\t<div class=\"elementor-element elementor-element-13c06945 elementor-widget elementor-widget-image\" data-id=\"13c06945\" data-element_type=\"widget\" data-widget_type=\"image.default\">\n\t\t\t\t<div class=\"elementor-widget-container\">\n\t\t\t\t\t\t\t\t<div class=\"elementor-image\">\n\t\t\t\t\t\t\t\t\t\t\t\t\t<a href=\"https:\/\/orcid.org\/\">\n\t\t\t\t\t\t\t<img width=\"500\" height=\"250\" src=\"https:\/\/gesicap.com\/ebook\/wp-content\/uploads\/2020\/07\/orcid-01.jpg\" class=\"attachment-large size-large wp-image-1788\" alt=\"\" loading=\"lazy\" srcset=\"https:\/\/gesicap.com\/ebook\/wp-content\/uploads\/2020\/07\/orcid-01.jpg 500w, https:\/\/gesicap.com\/ebook\/wp-content\/uploads\/2020\/07\/orcid-01-300x150.jpg 300w\" sizes=\"(max-width: 500px) 100vw, 500px\" \/>\t\t\t\t\t\t\t\t<\/a>\n\t\t\t\t\t\t\t\t\t\t\t\t\t\t<\/div>\n\t\t\t\t\t\t<\/div>\n\t\t\t\t<\/div>\n\t\t\t\t\t\t<\/div>\n\t\t\t\t\t<\/div>\n\t\t<\/div>\n\t\t\t\t<div class=\"elementor-column elementor-col-50 elementor-top-column elementor-element elementor-element-478fdefa\" data-id=\"478fdefa\" data-element_type=\"column\">\n\t\t\t<div class=\"elementor-column-wrap elementor-element-populated\">\n\t\t\t\t\t\t\t<div class=\"elementor-widget-wrap\">\n\t\t\t\t\t\t<div class=\"elementor-element elementor-element-72588a5b elementor-widget elementor-widget-text-editor\" data-id=\"72588a5b\" data-element_type=\"widget\" data-widget_type=\"text-editor.default\">\n\t\t\t\t<div class=\"elementor-widget-container\">\n\t\t\t\t\t\t\t\t<div class=\"elementor-text-editor elementor-clearfix\">\n\t\t\t\t<p>Estimados Investigadores para poder publicar su libro en nuestra tienda de Ebook, usted deber\u00e1 haberse inscrito en el identificador de&nbsp;<b>ORCID<\/b>, para as\u00ed poder compartir su informaci\u00f3n y distinguirse de cualquier otro investigador.&nbsp;<\/p>\t\t\t\t\t<\/div>\n\t\t\t\t\t\t<\/div>\n\t\t\t\t<\/div>\n\t\t\t\t<div class=\"elementor-element elementor-element-27b59220 elementor-widget elementor-widget-button\" data-id=\"27b59220\" data-element_type=\"widget\" data-widget_type=\"button.default\">\n\t\t\t\t<div class=\"elementor-widget-container\">\n\t\t\t\t\t<div class=\"elementor-button-wrapper\">\n\t\t\t<a href=\"https:\/\/orcid.org\/\" class=\"elementor-button-link elementor-button elementor-size-sm\" role=\"button\">\n\t\t\t\t\t\t<span class=\"elementor-button-content-wrapper\">\n\t\t\t\t\t\t\t<span class=\"elementor-button-icon elementor-align-icon-right\">\n\t\t\t\t<i aria-hidden=\"true\" class=\"fas fa-hand-point-right\"><\/i>\t\t\t<\/span>\n\t\t\t\t\t\t<span class=\"elementor-button-text\">Ir<\/span>\n\t\t<\/span>\n\t\t\t\t\t<\/a>\n\t\t<\/div>\n\t\t\t\t<\/div>\n\t\t\t\t<\/div>\n\t\t\t\t\t\t<\/div>\n\t\t\t\t\t<\/div>\n\t\t<\/div>\n\t\t\t\t\t\t\t\t<\/div>\n\t\t\t\t\t<\/div>\n\t\t<\/section>\n\t\t\t\t<section class=\"elementor-section elementor-top-section elementor-element elementor-element-2ae98099 elementor-section-boxed elementor-section-height-default elementor-section-height-default\" data-id=\"2ae98099\" data-element_type=\"section\">\n\t\t\t\t\t\t<div class=\"elementor-container elementor-column-gap-default\">\n\t\t\t\t\t\t\t<div class=\"elementor-row\">\n\t\t\t\t\t<div class=\"elementor-column elementor-col-25 elementor-top-column elementor-element elementor-element-545686af\" data-id=\"545686af\" data-element_type=\"column\">\n\t\t\t<div class=\"elementor-column-wrap elementor-element-populated\">\n\t\t\t\t\t\t\t<div class=\"elementor-widget-wrap\">\n\t\t\t\t\t\t<div class=\"elementor-element elementor-element-263963c5 elementor-position-top elementor-vertical-align-top elementor-widget elementor-widget-image-box\" data-id=\"263963c5\" data-element_type=\"widget\" data-widget_type=\"image-box.default\">\n\t\t\t\t<div class=\"elementor-widget-container\">\n\t\t\t<div class=\"elementor-image-box-wrapper\"><figure class=\"elementor-image-box-img\"><img width=\"393\" height=\"393\" src=\"https:\/\/gesicap.com\/ebook\/wp-content\/uploads\/2020\/07\/1.png\" class=\"attachment-full size-full wp-image-1731\" alt=\"\" loading=\"lazy\" srcset=\"https:\/\/gesicap.com\/ebook\/wp-content\/uploads\/2020\/07\/1.png 393w, https:\/\/gesicap.com\/ebook\/wp-content\/uploads\/2020\/07\/1-300x300.png 300w, https:\/\/gesicap.com\/ebook\/wp-content\/uploads\/2020\/07\/1-150x150.png 150w, https:\/\/gesicap.com\/ebook\/wp-content\/uploads\/2020\/07\/1-100x100.png 100w\" sizes=\"(max-width: 393px) 100vw, 393px\" \/><\/figure><div class=\"elementor-image-box-content\"><h6 class=\"elementor-image-box-title\">Estar registrado en ORCID<\/h6><\/div><\/div>\t\t<\/div>\n\t\t\t\t<\/div>\n\t\t\t\t\t\t<\/div>\n\t\t\t\t\t<\/div>\n\t\t<\/div>\n\t\t\t\t<div class=\"elementor-column elementor-col-25 elementor-top-column elementor-element elementor-element-112c5f5e\" data-id=\"112c5f5e\" data-element_type=\"column\">\n\t\t\t<div class=\"elementor-column-wrap elementor-element-populated\">\n\t\t\t\t\t\t\t<div class=\"elementor-widget-wrap\">\n\t\t\t\t\t\t<div class=\"elementor-element elementor-element-6015262c elementor-position-top elementor-vertical-align-top elementor-widget elementor-widget-image-box\" data-id=\"6015262c\" data-element_type=\"widget\" data-widget_type=\"image-box.default\">\n\t\t\t\t<div class=\"elementor-widget-container\">\n\t\t\t<div class=\"elementor-image-box-wrapper\"><figure class=\"elementor-image-box-img\"><img width=\"2000\" height=\"2000\" src=\"https:\/\/gesicap.com\/ebook\/wp-content\/uploads\/2020\/07\/2.png\" class=\"attachment-full size-full wp-image-1732\" alt=\"\" loading=\"lazy\" srcset=\"https:\/\/gesicap.com\/ebook\/wp-content\/uploads\/2020\/07\/2.png 2000w, https:\/\/gesicap.com\/ebook\/wp-content\/uploads\/2020\/07\/2-300x300.png 300w, https:\/\/gesicap.com\/ebook\/wp-content\/uploads\/2020\/07\/2-1024x1024.png 1024w, https:\/\/gesicap.com\/ebook\/wp-content\/uploads\/2020\/07\/2-150x150.png 150w, https:\/\/gesicap.com\/ebook\/wp-content\/uploads\/2020\/07\/2-768x768.png 768w, https:\/\/gesicap.com\/ebook\/wp-content\/uploads\/2020\/07\/2-1536x1536.png 1536w, https:\/\/gesicap.com\/ebook\/wp-content\/uploads\/2020\/07\/2-600x600.png 600w, https:\/\/gesicap.com\/ebook\/wp-content\/uploads\/2020\/07\/2-100x100.png 100w\" sizes=\"(max-width: 2000px) 100vw, 2000px\" \/><\/figure><div class=\"elementor-image-box-content\"><h5 class=\"elementor-image-box-title\">Paso 2<\/h5><\/div><\/div>\t\t<\/div>\n\t\t\t\t<\/div>\n\t\t\t\t\t\t<\/div>\n\t\t\t\t\t<\/div>\n\t\t<\/div>\n\t\t\t\t<div class=\"elementor-column elementor-col-25 elementor-top-column elementor-element elementor-element-6562364b\" data-id=\"6562364b\" data-element_type=\"column\">\n\t\t\t<div class=\"elementor-column-wrap elementor-element-populated\">\n\t\t\t\t\t\t\t<div class=\"elementor-widget-wrap\">\n\t\t\t\t\t\t<div class=\"elementor-element elementor-element-4ce2d239 elementor-position-top elementor-vertical-align-top elementor-widget elementor-widget-image-box\" data-id=\"4ce2d239\" data-element_type=\"widget\" data-widget_type=\"image-box.default\">\n\t\t\t\t<div class=\"elementor-widget-container\">\n\t\t\t<div class=\"elementor-image-box-wrapper\"><figure class=\"elementor-image-box-img\"><img width=\"300\" height=\"300\" src=\"https:\/\/gesicap.com\/ebook\/wp-content\/uploads\/2020\/07\/3.png\" class=\"attachment-full size-full wp-image-1733\" alt=\"\" loading=\"lazy\" srcset=\"https:\/\/gesicap.com\/ebook\/wp-content\/uploads\/2020\/07\/3.png 300w, https:\/\/gesicap.com\/ebook\/wp-content\/uploads\/2020\/07\/3-150x150.png 150w, https:\/\/gesicap.com\/ebook\/wp-content\/uploads\/2020\/07\/3-100x100.png 100w\" sizes=\"(max-width: 300px) 100vw, 300px\" \/><\/figure><div class=\"elementor-image-box-content\"><h5 class=\"elementor-image-box-title\">Paso 3<\/h5><\/div><\/div>\t\t<\/div>\n\t\t\t\t<\/div>\n\t\t\t\t\t\t<\/div>\n\t\t\t\t\t<\/div>\n\t\t<\/div>\n\t\t\t\t<div class=\"elementor-column elementor-col-25 elementor-top-column elementor-element elementor-element-46bfd2c2\" data-id=\"46bfd2c2\" data-element_type=\"column\">\n\t\t\t<div class=\"elementor-column-wrap elementor-element-populated\">\n\t\t\t\t\t\t\t<div class=\"elementor-widget-wrap\">\n\t\t\t\t\t\t<div class=\"elementor-element elementor-element-1f166a9a elementor-position-top elementor-vertical-align-top elementor-widget elementor-widget-image-box\" data-id=\"1f166a9a\" data-element_type=\"widget\" data-widget_type=\"image-box.default\">\n\t\t\t\t<div class=\"elementor-widget-container\">\n\t\t\t<div class=\"elementor-image-box-wrapper\"><figure class=\"elementor-image-box-img\"><img width=\"600\" height=\"600\" src=\"https:\/\/gesicap.com\/ebook\/wp-content\/uploads\/2020\/07\/4.png\" class=\"attachment-full size-full wp-image-1735\" alt=\"\" loading=\"lazy\" srcset=\"https:\/\/gesicap.com\/ebook\/wp-content\/uploads\/2020\/07\/4.png 600w, https:\/\/gesicap.com\/ebook\/wp-content\/uploads\/2020\/07\/4-300x300.png 300w, https:\/\/gesicap.com\/ebook\/wp-content\/uploads\/2020\/07\/4-150x150.png 150w, https:\/\/gesicap.com\/ebook\/wp-content\/uploads\/2020\/07\/4-100x100.png 100w\" sizes=\"(max-width: 600px) 100vw, 600px\" \/><\/figure><div class=\"elementor-image-box-content\"><h5 class=\"elementor-image-box-title\">Paso 4<\/h5><\/div><\/div>\t\t<\/div>\n\t\t\t\t<\/div>\n\t\t\t\t\t\t<\/div>\n\t\t\t\t\t<\/div>\n\t\t<\/div>\n\t\t\t\t\t\t\t\t<\/div>\n\t\t\t\t\t<\/div>\n\t\t<\/section>\n\t\t\t\t\t\t\t\t\t<\/div>\n\t\t\t<\/div>\n\t\t\t\t\t<\/div>\n\t\t","protected":false},"excerpt":{"rendered":"<p>Para poder maquetar tu manuscrito en un libro y publicarlo en nuestra tienda debes tener en cuenta estos requisitos y contactarte con nosotros Estimados Investigadores para poder publicar su libro en nuestra tienda de Ebook, usted deber\u00e1 haberse inscrito en el identificador de&nbsp;ORCID, para as\u00ed poder compartir su informaci\u00f3n y distinguirse de cualquier otro investigador.&nbsp; &hellip;<\/p>\n<p class=\"read-more\"> <a class=\"\" href=\"https:\/\/gesicap.com\/ebook\/requisitos-2\/\"> <span class=\"screen-reader-text\">Requisitos<\/span> Leer m\u00e1s &raquo;<\/a><\/p>\n","protected":false},"author":1,"featured_media":0,"parent":0,"menu_order":0,"comment_status":"closed","ping_status":"closed","template":"","meta":[],"_links":{"self":[{"href":"https:\/\/gesicap.com\/ebook\/wp-json\/wp\/v2\/pages\/1803"}],"collection":[{"href":"https:\/\/gesicap.com\/ebook\/wp-json\/wp\/v2\/pages"}],"about":[{"href":"https:\/\/gesicap.com\/ebook\/wp-json\/wp\/v2\/types\/page"}],"author":[{"embeddable":true,"href":"https:\/\/gesicap.com\/ebook\/wp-json\/wp\/v2\/users\/1"}],"replies":[{"embeddable":true,"href":"https:\/\/gesicap.com\/ebook\/wp-json\/wp\/v2\/comments?post=1803"}],"version-history":[{"count":10,"href":"https:\/\/gesicap.com\/ebook\/wp-json\/wp\/v2\/pages\/1803\/revisions"}],"predecessor-version":[{"id":2288,"href":"https:\/\/gesicap.com\/ebook\/wp-json\/wp\/v2\/pages\/1803\/revisions\/2288"}],"wp:attachment":[{"href":"https:\/\/gesicap.com\/ebook\/wp-json\/wp\/v2\/media?parent=1803"}],"curies":[{"name":"wp","href":"https:\/\/api.w.org\/{rel}","templated":true}]}}